r?
False
Is 6898837969 prime?
False
Is 183104771485 prime?
False
Is 20557111397 composite?
False
Is 3161731117 a prime number?
False
Is 2560025759 prime?
True
Is 22228908473 a prime number?
True
Is 3529765597 prime?
True
Is 37048776371 prime?
True
Is 959321527 composite?
True
Is 8475453199 composite?
True
Is 2491921363 a prime number?
True
Is 20789894 prime?
False
Is 70339585399 composite?
True
Is 2823170197 prime?
False
Is 365298119 a composite number?
False
Is 3943632277 composite?
True
Is 2073993913 a prime number?
True
Is 2365739021 a composite number?
True
Is 2067832693 a prime number?
False
Is 2406247213 a prime number?
True
Is 474700007 composite?
True
Is 937303157 prime?
False
Is 264701929 a prime number?
True
Is 3000235659 prime?
False
Is 13168453931 a prime number?
True
Is 10967318051 composite?
False
Is 746160329 composite?
False
Is 971989553 a prime number?
True
Is 3481632641 prime?
False
Is 967512287 prime?
False
Is 12696526329 a composite number?
True
Is 576553829 prime?
True
Is 3734958559 composite?
True
Is 3522473 composite?
True
Is 20647703 a composite number?
False
Is 32420166023 composite?
True
Is 1758671107 composite?
False
Is 40460309963 a composite number?
True
Is 49205148437 a prime number?
True
Is 877154959 a prime number?
False
Is 20991917 composite?
False
Is 415128167 prime?
True
Is 1351428461 a prime number?
True
Is 21375482563 a prime number?
False
Is 1523461169 prime?
False
Is 88962883 prime?
False
Is 20033467483 a prime number?
False
Is 2308913291 prime?
True
Is 946010243 prime?
False
Is 24629904121 a composite number?
False
Is 1627933 a composite number?
True
Is 19383505187 composite?
False
Is 16743064931 prime?
True
Is 12178756277 a composite number?
True
Is 5780577589 a composite number?
True
Is 36482415841 a composite number?
True
Is 136638840361 a composite number?
False
Is 2954391169 a prime number?
True
Is 9081119197 composite?
False
Is 3597261461 a prime number?
False
Is 842976133 a composite number?
False
Is 39892296995 prime?
False
Is 381120967 a prime number?
False
Is 881814886 prime?
False
Is 1236408059 composite?
True
Is 4782642001 a composite number?
False
Is 43817406569 composite?
True
Is 1269134021 composite?
False
Is 903869899 a prime number?
False
Is 153058079 prime?
False
Is 136159213 composite?
False
Is 204665009 a prime number?
True
Is 3097333534 prime?
False
Is 9548815949 composite?
False
Is 433276537 a composite number?
True
Is 591773863 a prime number?
False
Is 144652429907 composite?
False
Is 7385351641 prime?
True
Is 868828073 composite?
True
Is 2313078479 prime?
True
Is 269415283 a composite number?
False
Is 8075292671 a composite number?
True
Is 1539401421 prime?
False
Is 3225695387 prime?
True
Is 83294807 a composite number?
True
Is 727638389 a prime number?
False
Is 1218386201 a composite number?
True
Is 200286547 a prime number?
False
Is 15397618261 prime?
True
Is 2013826027 a composite number?
True
Is 443336831 prime?
False
Is 16082296799 a composite number?
False
Is 92595644083 composite?
False
Is 5386497341 prime?
True
Is 404618311 a composite number?
False
Is 247138687 composite?
False
Is 2019168933 a prime number?
False
Is 8717991263 prime?
True
Is 293690565845 composite?
True
Is 323778661 prime?
False
Is 371332567 a prime number?
True
Is 36847733057 a composite number?
True
Is 144882107 a composite number?
False
Is 1080446893 prime?
True
Is 11897494703 composite?
True
Is 104841361 a prime number?
True
Is 175579054411 prime?
True
Is 2312389897 prime?
True
Is 680846767 a composite number?
True
Is 504748457705 a prime number?
False
Is 2149824671 a prime number?
True
Is 453838733 composite?
False
Is 878710753 prime?
True
Is 7955426023 composite?
True
Is 2608613729 prime?
False
Is 1157418583 a composite number?
False
Is 2745744097 a prime number?
True
Is 28989339349 a prime number?
False
Is 92411013391 prime?
True
Is 58662993653 a prime number?
False
Is 2480528387 composite?
True
Is 569143333 a composite number?
True
Is 491108327 a composite number?
False
Is 11486507603 prime?
True
Is 1517629721 prime?
True
Is 76842889241 a composite number?
False
Is 113725103627 a prime number?
True
Is 566045126 a composite number?
True
Is 1822108726 a prime number?
False
Is 1083129059 composite?
False
Is 94653051817 a composite number?
True
Is 6427050477 prime?
False
Is 3449910991 prime?
True
Is 13440425881 a prime number?
False
Is 3289726949 a composite number?
True
Is 97093297513 a prime number?
False
Is 12708998777 composite?
True
Is 1093797853 composite?
False
Is 1942259747 a prime number?
True
Is 1249811063 prime?
True
Is 18752986601 composite?
True
Is 75828199 prime?
True
Is 78616029 composite?
True
Is 6226120903 a composite number?
True
Is 46369067699 a composite number?
False
Is 3045752561 a composite number?
False
Is 1284423907 composite?
True
Is 4636611733 prime?
False
Is 14476625653 prime?
False
Is 1146387535 a prime number?
False
Is 14686036581 composite?
True
Is 8270624611 a composite number?
False
Is 388281631 a composite number?
True
Is 1454944837 a prime number?
True
Is 2760327107 prime?
True
Is 75106507253 a composite number?
False
Is 6821927729 a composite number?
False
Is 149648711 a prime number?
True
Is 9831970189 a prime number?
True
Is 17586666379 prime?
False
Is 785436347 composite?
False
Is 170535560633 a composite number?
False
Is 89486797 prime?
False
Is 917631677 prime?
True
Is 2839240461 a composite number?
True
Is 9051327031 composite?
True
Is 1826876189 prime?
True
Is 354539443 prime?
True
Is 55190189 a prime number?
True
Is 4455555913 composite?
True
Is 1018448386 composite?
True
Is 86724435709 a composite number?
False
Is 2822597377 composite?
False
Is 28409284039 a composite number?
False
Is 104925377665 composite?
True
Is 28603131523 composite?
True
Is 322082821 a prime number?
True
Is 361916501 a prime number?
True
Is 1988325617 prime?
True
Is 14055109909 a prime number?
False
Is 77553184939 a composite number?
False
Is 11996276183 a prime number?
False
Is 57279416167 prime?
False
Is 3520648793 a composite number?
False
Is 1269520457 a prime number?
True
Is 6055342745 prime?
False
Is 15099052823 a composite number?
False
Is 139045045 prime?
False
Is 189718157 composite?
True
Is 2690965097 a prime number?
False
Is 6906748231 a composite number?
True
Is 92807577463 prime?
True
Is 254450041 composite?
True
Is 1168099637 a composite number?
False
Is 583878149 a prime number?
False
Is 43742236261 prime?
True
Is 660576649 composite?
True
Is 2718409763 prime?
True
Is 281266211 prime?
True
Is 1218324661 composite?
False
Is 1266473839 prime?
True
Is 18815231458 composite?
True
Is 1626375131 a composite number?
False
Is 871389901 composite?
True
Is 178331737 composite?
False
Is 88462963 a prime number?
False
Is 164847889 a composite number?
False
Is 4050484901 a composite number?
False
Is 901334957 a composite number?
False
Is 4844118509 composite?
True
Is 3759760502 a prime number?
False
Is 44354117573 a prime number?
True
Is 12712286863 a prime number?
True
Is 9024593227 composite?
True
Is 64997483809 a prime number?
True
Is 1138757199 a prime number?
False
Is 2112625127 a composite number?
True
Is 1169151707 a prime number?
False
Is 2845160207 prime?
True
Is 4037901589 composite?
False
Is 2325546793 a prime number?
False
Is 348850751 a composite number?
True
Is 128566129 a prime number?
False
Is 6063216721 prime?
True
Is 15339785689 a prime number?
True
Is 1037812381 composite?
False
Is 9211879669 a prime number?
True
Is 117028477 a composite number?
True
Is 5231589823 prime?
False
Is 958211453 prime?
True
Is 3228266563 a composite number?
True
Is 770652899 composite?
True
Is 4893128777 composite?
True
Is 1719409 prime?
True
Is 25437894829 composite?
False
Is 443354063 composite?
True
Is 35529805609 prime?
False
Is 25964724853 prime?
True
Is 2186689409 prime?
True
Is 7923926489 composite?
True
Is 178760521 a composite number?
True
Is 17436852991 composite?
True
Is 74178498157 a prime number?
False
Is 42067386271 a prime number?
True
Is 43692934609 prime?
False
Is 335818283 a prime number?
True
Is 1115310401 a composite number?
True
Is 55158212897 a composite number?
False
Is 2114025751 prime?
False
Is 11095925179 a prime number?
True
Is 2818262627 prime?
False
Is 